{"id":674,"date":"2016-05-10T04:55:44","date_gmt":"2016-05-10T02:55:44","guid":{"rendered":"http:\/\/splash.stylemixthemes.com\/\/?page_id=674"},"modified":"2025-07-18T13:20:56","modified_gmt":"2025-07-18T11:20:56","slug":"arena","status":"publish","type":"page","link":"https:\/\/lescougars.fr\/index.php\/arena\/","title":{"rendered":"STADE ESCUTARY"},"content":{"rendered":"<section class=\"wpb-content-wrapper\"><p>[vc_row full_width=\u00a0\u00bbstretch_row\u00a0\u00bb css=\u00a0\u00bb.vc_custom_1476354021093{margin-bottom: 0px !important;padding-top: 29px !important;padding-bottom: 38px !important;}\u00a0\u00bb][vc_column][stm_carousel_with_data images=\u00a0\u00bb3238,3440&Prime; location=\u00a0\u00bb1 rue Gustave Leclerc &#8211; St Ouen l\u2019Aum\u00f4ne\u00a0\u00bb capacity=\u00a0\u00bb250 places assises\u00a0\u00bb surface=\u00a0\u00bbSynth\u00e9tique\u00a0\u00bb opened=\u00a0\u00bb20 juillet 1995&Prime; renovated=\u00a0\u00bb2009&Prime;][\/vc_column][\/vc_row][vc_row][vc_column css=\u00a0\u00bb.vc_custom_1642071502732{margin-top: 0px !important;margin-bottom: 0px !important;padding-top: 0px !important;padding-bottom: 0px !important;}\u00a0\u00bb][vc_column_text css=\u00a0\u00bb.vc_custom_1752837651195{margin-bottom: 43px !important;}\u00a0\u00bb]Le club \u00e9volue sur le <a href=\"https:\/\/fr.wikipedia.org\/wiki\/Stade_Escutary\">Stade Escutary<\/a> situ\u00e9 au 1 rue Gustave Leclerc \u00e0 Saint Ouen l\u2019Aum\u00f4ne. Il s\u2019agit d\u2019un terrain en gazon synth\u00e9tique.[\/vc_column_text][\/vc_column][\/vc_row][vc_row css=\u00a0\u00bb.vc_custom_1476355200738{margin-bottom: 10px !important;}\u00a0\u00bb][vc_column][vc_column_text css=\u00a0\u00bb.vc_custom_1626251580349{margin-bottom: 0px !important;}\u00a0\u00bb]<\/p>\n<h3>Points forts du stade<\/h3>\n<p>[\/vc_column_text][\/vc_column][\/vc_row][vc_row css=\u00a0\u00bb.vc_custom_1681390409629{margin-bottom: 63px !important;}\u00a0\u00bb el_class=\u00a0\u00bbaf-ul-wrap\u00a0\u00bb][vc_column][stm_icon_list list_type=\u00a0\u00bbfont\u00a0\u00bb title=\u00a0\u00bbicon-mg-icon-fire\u00a0\u00bb]<\/p>\n<div class=\"wpb_column vc_column_container vc_col-sm-4\">\n<div class=\"vc_column-inner\">\n<div class=\"wpb_wrapper\">\n<ul>\n<li><span style=\"font-size: 12pt;\">Terrain Synth\u00e9tique de haute qualit\u00e9<\/span><\/li>\n<li><span style=\"font-size: 12pt;\">Terrain d\u00e9di\u00e9 uniquement \u00e0 l\u2019usage du football am\u00e9ricain<\/span><\/li>\n<li><span style=\"font-size: 12pt;\">4 Vestiaires Locaux dans l\u2019enceinte du Stade Escutary.<\/span><\/li>\n<li><span style=\"font-size: 12pt;\">2 Grands Vestiaires Visiteurs dans le\u00a0Gymnase Madeleine Pauliac inaugur\u00e9 en Octobre 2022.<\/span><\/li>\n<li><span style=\"font-size: 12pt;\">Troph\u00e9es visibles au bureau de l&rsquo;association<\/span><\/li>\n<li><span style=\"font-size: 12pt;\">Buvette organis\u00e9e en jour de matchs<\/span><\/li>\n<li><span style=\"font-size: 12pt;\">Boutique ouverte sur les jours d\u2019entrainements et jours de matchs.<\/span><\/li>\n<li><span style=\"font-size: 12pt;\">Interdit au soccer<\/span><\/li>\n<li><span style=\"font-size: 12pt;\">2 parkings grande surface<\/span><\/li>\n<li><span style=\"font-size: 12pt;\">Animaux autoris\u00e9s<\/span><\/li>\n<\/ul>\n<\/div>\n<\/div>\n<\/div>\n<p>[\/stm_icon_list][\/vc_column][\/vc_row][vc_row][vc_column][\/vc_column][\/vc_row]<\/p>\n<\/section>","protected":false},"excerpt":{"rendered":"<p>[vc_row full_width=\u00a0\u00bbstretch_row\u00a0\u00bb css=\u00a0\u00bb.vc_custom_1476354021093{margin-bottom: 0px !important;padding-top: 29px !important;padding-bottom: 38px !important;}\u00a0\u00bb][vc_column][stm_carousel_with_data images=\u00a0\u00bb3238,3440&Prime; location=\u00a0\u00bb1 rue Gustave Leclerc &#8211; St Ouen l\u2019Aum\u00f4ne\u00a0\u00bb capacity=\u00a0\u00bb250 places assises\u00a0\u00bb surface=\u00a0\u00bbSynth\u00e9tique\u00a0\u00bb opened=\u00a0\u00bb20 juillet 1995&Prime; renovated=\u00a0\u00bb2009&Prime;][\/vc_column][\/vc_row][vc_row][vc_column css=\u00a0\u00bb.vc_custom_1642071502732{margin-top: 0px !important;margin-bottom: 0px !important;padding-top: 0px !important;padding-bottom: 0px !important;}\u00a0\u00bb][vc_column_text css=\u00a0\u00bb.vc_custom_1752837651195{margin-bottom: 43px !important;}\u00a0\u00bb]Le club \u00e9volue sur le Stade Escutary situ\u00e9 au 1 rue Gustave Leclerc \u00e0 Saint Ouen l\u2019Aum\u00f4ne. Il&#8230;<\/p>\n","protected":false},"author":1,"featured_media":0,"parent":0,"menu_order":0,"comment_status":"closed","ping_status":"closed","template":"","meta":{"footnotes":""},"class_list":["post-674","page","type-page","status-publish","hentry"],"jetpack_sharing_enabled":true,"_links":{"self":[{"href":"https:\/\/lescougars.fr\/index.php\/wp-json\/wp\/v2\/pages\/674","targetHints":{"allow":["GET"]}}],"collection":[{"href":"https:\/\/lescougars.fr\/index.php\/wp-json\/wp\/v2\/pages"}],"about":[{"href":"https:\/\/lescougars.fr\/index.php\/wp-json\/wp\/v2\/types\/page"}],"author":[{"embeddable":true,"href":"https:\/\/lescougars.fr\/index.php\/wp-json\/wp\/v2\/users\/1"}],"replies":[{"embeddable":true,"href":"https:\/\/lescougars.fr\/index.php\/wp-json\/wp\/v2\/comments?post=674"}],"version-history":[{"count":19,"href":"https:\/\/lescougars.fr\/index.php\/wp-json\/wp\/v2\/pages\/674\/revisions"}],"predecessor-version":[{"id":4391,"href":"https:\/\/lescougars.fr\/index.php\/wp-json\/wp\/v2\/pages\/674\/revisions\/4391"}],"wp:attachment":[{"href":"https:\/\/lescougars.fr\/index.php\/wp-json\/wp\/v2\/media?parent=674"}],"curies":[{"name":"wp","href":"https:\/\/api.w.org\/{rel}","templated":true}]}}